or of 142941 and 106?
53
Calculate the highest common factor of 13943 and 955.
191
Calculate the highest common divisor of 2668 and 2944.
92
Calculate the highest common factor of 1303212 and 669.
669
Calculate the greatest common factor of 147 and 35427.
147
What is the greatest common factor of 828 and 30084?
276
What is the highest common divisor of 4704 and 78048?
96
Calculate the greatest common divisor of 200 and 11240.
40
Calculate the highest common divisor of 81792 and 60066.
1278
Calculate the highest common divisor of 81 and 288.
9
What is the greatest common divisor of 164891 and 1991?
181
What is the greatest common factor of 396 and 2304?
36
Calculate the highest common factor of 184770 and 10890.
90
What is the highest common divisor of 6853 and 880?
11
What is the greatest common divisor of 5 and 969610?
5
What is the greatest common factor of 80 and 702128?
16
What is the highest common factor of 92 and 29003?
23
What is the greatest common divisor of 6785 and 49795?
115
Calculate the greatest common factor of 16 and 541.
1
Calculate the highest common divisor of 364372 and 8.
4
What is the highest common factor of 108 and 67689?
27
Calculate the greatest common factor of 52 and 3244.
4
What is the highest common factor of 29202 and 54?
6
Calculate the greatest common divisor of 149040 and 2736.
144
What is the greatest common divisor of 8460 and 2340?
180
What is the highest common factor of 8493 and 41344?
19
Calculate the highest common factor of 64807 and 3396.
283
What is the greatest common factor of 2575 and 51912?
103
Calculate the greatest common factor of 1661392 and 16.
16
What is the greatest common divisor of 12456 and 744?
24
Calculate the greatest common divisor of 99 and 2204730.
99
What is the greatest common factor of 4545480 and 20?
20
What is the highest common divisor of 29 and 1320196?
29
Calculate the highest common divisor of 753 and 324.
3
Calculate the highest common divisor of 30672 and 1008.
144
What is the highest common divisor of 84 and 176169?
21
Calculate the greatest common factor of 6554318 and 86.
86
Calculate the highest common factor of 6071135 and 1246.
623
Calculate the greatest common divisor of 140502 and 6.
6
What is the greatest common divisor of 132912 and 96?
48
Calculate the greatest common divisor of 208 and 48568.
104
What is the highest common divisor of 1715 and 93590?
245
What is the highest common factor of 32856 and 48?
24
Calculate the greatest common factor of 486 and 67878.
162
What is the highest common divisor of 559512 and 3648?
456
Calculate the greatest common factor of 46020 and 108030.
390
Calculate the highest common divisor of 1342 and 2167.
11
Calculate the greatest common divisor of 8134 and 17264.
166
Calculate the greatest common factor of 36 and 1189332.
36
Calculate the highest common divisor of 87642 and 621.
27
Calculate the highest common factor of 688 and 99184.
16
Calculate the highest common divisor of 50730 and 14592.
114
What is the highest common factor of 84 and 4991?
7
What is the greatest common divisor of 11537 and 22657?
139
Calculate the greatest common divisor of 5269 and 2354.
11
Calculate the greatest common divisor of 1025766 and 441.
441
Calculate the greatest common divisor of 8184 and 49445.
341
What is the highest common divisor of 24 and 86440?
8
What is the greatest common divisor of 338060 and 20?
20
What is the highest common divisor of 60 and 101140?
20
Calculate the highest common factor of 100 and 13060.
20
What is the greatest common factor of 13197 and 795?
159
What is the highest common divisor of 738 and 41164?
82
Calculate the greatest common factor of 420 and 9540.
60
Calculate the highest common factor of 196104 and 24.
24
What is the highest common divisor of 101 and 19493?
101
What is the greatest common divisor of 10872 and 168?
24
Calculate the highest common divisor of 584960 and 120.
40
What is the highest common divisor of 1 and 74933?
1
What is the highest common divisor of 4727850 and 2580?
1290
Calculate the greatest common factor of 311063 and 3546.
197
Calculate the highest common divisor of 352 and 448.
32
What is the greatest common divisor of 965511 and 18?
9
What is the highest common factor of 22099 and 1736?
7
What is the greatest common factor of 38182 and 238?
34
What is the highest common factor of 3568 and 256?
16
Calculate the highest common factor of 646628 and 3892.
556
What is the highest common factor of 2727 and 12827?
101
What is the greatest common divisor of 18250 and 30?
10
What is the greatest common divisor of 10990 and 1260?
70
Calculate the highest common factor of 1044 and 769428.
1044
Calculate the highest common factor of 25168 and 8424.
104
What is the highest common factor of 119 and 49844?
17
What is the highest common factor of 19610 and 962?
74
What is the greatest common divisor of 21505 and 17?
17
What is the highest common divisor of 236 and 3551564?
236
What is the greatest common factor of 576 and 88048?
16
Calculate the greatest common divisor of 311 and 2037983.
311
What is the greatest common factor of 758880 and 45?
45
What is the highest common divisor of 40 and 34630?
10
Calculate the highest common divisor of 110332 and 8.
4
What is the highest common factor of 6554 and 1356?
226
Calculate the highest common factor of 1958 and 20114.
178
What is the greatest common factor of 79 and 5409841?
79
Calculate the highest common divisor of 1472 and 366.
2
Calculate the greatest common factor of 34280 and 120.
40
Calculate the highest common factor of 185 and 314130.
185
What is the highest common divisor of 25 and 732?
1
Calculate the highest common factor of 110 and 500984.
22
What is the highest common divisor of 11817228 and 236?
236
Calculate the highest common factor of 28 and 524.
4
Calculate the highest common divisor of 108794 and 266.
266
Calculate the highest common factor of 154 and 118426.
154
Calculate the highest common factor of 123592 and 176.
8
What is the highest common factor of 8460 and 112?
4
What is the highest common divisor of 28892 and 992?
124
What is the greatest common divisor of 3869 and 3975?
53
Calculate the greatest common divisor of 78948 and 688.
172
Calculate the greatest common factor of 254483 and 1384.
173
What is the highest common factor of 159663 and 21?
21
What is the highest common divisor of 9175 and 75?
25
Calculate the greatest common factor of 4335 and 542130.
255
Calculate the highest common factor of 37 and 4544340.
37
Calculate the greatest common divisor of 735 and 10.
5
Calculate the greatest common divisor of 445 and 3293.
89
Calculate the greatest common divisor of 109568 and 4608.
512
What is the highest common factor of 10668 and 70644?
84
What is the greatest common divisor of 109 and 751991?
109
What is the highest common factor of 1514449 and 677?
677
What is the greatest common factor of 151 and 116723?
151
What is the greatest common divisor of 5474 and 61180?
322
Calculate the greatest common divisor of 147000 and 8379.
147
What is the greatest common divisor of 35377 and 85?
17
What is the greatest common divisor of 77136 and 72?
24
What is the highest common divisor of 44 and 4897134?
22
Calculate the highest common divisor of 2808 and 1271673.
351
What is the highest common factor of 23682 and 96?
6
What is the highest common factor of 32916 and 312?
156
Calculate the greatest common divisor of 299985 and 30.
15
What is the highest common divisor of 4 and 53684?
4
Calculate the highest common divisor of 42 and 196693.
7
What is the highest common divisor of 7769 and 2329?
17
What is the highest common divisor of 4716 and 39824?
524
What is the highest common divisor of 905 and 13213?
181
Calculate the highest common divisor of 7590 and 29370.
330
What is the highest common divisor of 186428 and 608?
76
Calculate the greatest common factor of 40 and 240340.
20
Calculate the greatest common factor of 248 and 2317560.
248
Calculate the highest common divisor of 5452128 and 594.
198
Calculate the highest common divisor of 1496 and 5599.
11
What is the greatest common divisor of 2424 and 707?
101
What is the highest common divisor of 29 and 20851?
29
Calculate the highest common divisor of 9946 and 8.
2
Calc